501 (base 9) to base 10
-406
1093 (base 13) to base 11
1817
-67565 (base 10) to base 4
-100133231
-8550 (base 16) to base 11
-23706
What is 113a (base 15) in base 6?
24531
What is 122321 (base 5) in base 11?
35a3
What is -4203 (base 6) in base 8?
-1653
121 (base 9) to base 12
84
What is -1301320 (base 4) in base 7?
-30151
Convert 2055 (base 7) to base 11.
600
-144004 (base 5) to base 16
-17f1
-8a53 (base 15) to base 11
-20042
What is -39081 (base 12) in base 11?
-5354a
Convert 75c9 (base 16) to base 3.
1112100210
12aa (base 13) to base 16
a73
What is 14e3 (base 15) in base 2?
1000110001000
-134204 (base 5) to base 2
-1010110110010
What is -3995 (base 14) in base 13?
-47c0
What is 2bf8 (base 16) in base 9?
16386
What is -19e4 (base 15) in base 3?
-21200221
Convert 4432 (base 8) to base 15.
a55
Convert 4861 (base 9) to base 13.
1855
What is -1001002102 (base 3) in base 13?
-9422
Convert -15430 (base 13) to base 7.
-225244
Convert 215534 (base 6) to base 7.
103600
25324 (base 6) to base 5
110141
What is -2332 (base 11) in base 9?
-4170
-1200242 (base 5) to base 12
-1084b
Convert 1110010100 (base 2) to base 14.
496
Convert 151 (base 9) to base 4.
1333
Convert -a04 (base 14) to base 4.
-132230
Convert -302 (base 12) to base 7.
-1160
-91a6 (base 11) to base 14
-4648
Convert -150045 (base 6) to base 10.
-14285
What is -1014 (base 7) in base 3?
-111010
11458 (base 10) to base 7
45256
What is 74cc (base 16) in base 14?
ac7a
Convert 21201222 (base 3) to base 12.
3322
What is 2233302 (base 5) in base 16?
9b93
What is -280 (base 15) in base 11?
-479
-44aa (base 11) to base 9
-8116
-10121002 (base 3) to base 6
-20045
151c (base 13) to base 9
4177
Convert -11424 (base 9) to base 8.
-16724
Convert -221101220 (base 3) to base 11.
-12a06
What is -19 (base 10) in base 14?
-15
What is 3131210 (base 4) in base 3?
201110012
11d5 (base 16) to base 7
16211
What is 19459 (base 10) in base 2?
100110000000011
Convert -8318 (base 11) to base 12.
-6472
1145441 (base 6) to base 13
2191c
-4404 (base 12) to base 15
-2347
505 (base 10) to base 15
23a
-244 (base 6) to base 7
-202
What is 243343 (base 7) in base 5?
2410200
-55450 (base 7) to base 9
-21121
What is -36766 (base 9) in base 10?
-24684
What is 192 (base 14) in base 10?
324
-17638 (base 13) to base 12
-22061
What is -100212200 (base 3) in base 11?
-5456
What is -224 (base 11) in base 4?
-10030
Convert 1100101001 (base 2) to base 4.
30221
-2011012010 (base 3) to base 11
-29964
Convert -3404 (base 7) to base 15.
-56e
Convert -414f (base 16) to base 8.
-40517
What is -28b1 (base 14) in base 13?
-3389
What is -62646 (base 7) in base 6?
-155220
-210 (base 10) to base 12
-156
Convert -120000 (base 4) to base 6.
-11040
What is -8a3 (base 13) in base 4?
-113031
Convert -36650 (base 7) to base 9.
-14135
What is 3541 (base 15) in base 16?
2c2f
7651 (base 8) to base 10
4009
What is -5a14 (base 15) in base 13?
-8938
-200420 (base 6) to base 4
-3311130
22243 (base 5) to base 8
3045
Convert 10020010 (base 3) to base 4.
210300
Convert 10a1 (base 13) to base 7.
6534
-8a10 (base 11) to base 14
-447b
29429 (base 10) to base 12
15045
Convert -3a0 (base 15) to base 14.
-42d
649 (base 12) to base 14
49b
Convert 1c63b (base 14) to base 10.
72573
10221000121 (base 3) to base 4
102313222
Convert -56a (base 13) to base 12.
-659
Convert -101 (base 5) to base 4.
-122
1232 (base 4) to base 2
1101110
85 (base 12) to base 6
245
Convert -11283 (base 10) to base 11.
-8528
What is -102b (base 15) in base 7?
-12650
What is 144173 (base 8) in base 5?
3120243
What is 102021001 (base 3) in base 5?
230314
What is 122220 (base 3) in base 12?
343
Convert -816 (base 11) to base 10.
-985
Convert 234 (base 10) to base 4.
3222
Convert 660 (base 8) to base 4.
12300
Convert -3a29a (base 11) to base 15.
-120de
What is 220 (base 6) in base 16?
54
What is -4796 (base 10) in base 12?
-2938
-1000011000001000 (base 2) to base 11
-23863
What is 106a (base 14) in base 5?
42323
What is 463 (base 8) in base 13?
1a8
Convert 22770 (base 10) to base 4.
11203302
Convert -6622 (base 14) to base 5.
-1031140
What is 4229 (base 11) in base 5?
134342
130431 (base 6) to base 10
11827
What is -2bca (base 15) in base 10?
-9415
Convert -96 (base 10) to base 4.
-1200
Convert 45534 (base 6) to base 3.
22212111
Convert 2115 (base 7) to base 11.
61a
What is 298 (base 16) in base 2?
1010011000
What is -7c7c (base 14) in base 7?
-120115
-1341 (base 9) to base 14
-521
2146 (base 7) to base 16
301
What is 10220101 (base 3) in base 6?
21101
Convert -13b (base 15) to base 16.
-119
Convert 1221 (base 5) to base 16.
ba
What is -22581 (base 12) in base 7?
-250240
16930 (base 11) to base 8
56305
2332 (base 11) to base 12
1930
-3138 (base 10) to base 5
-100023
Convert 2d2 (base 16) to base 2.
1011010010
Convert -45302 (base 8) to base 13.
-8932
-29394 (base 10) to base 3
-1111022200
What is -16a (base 16) in base 14?
-1bc
Convert -130012 (base 4) to base 2.
-11100000110
Convert -111101 (base 4) to base 15.
-60b
Convert 72259 (base 10) to base 15.
16624
Convert 626 (base 9) to base 6.
2210
301412 (base 6) to base 10
23696
Convert -527 (base 12) to base 16.
-2ef
Convert 5112 (base 7) to base 13.
a65
What is -545 (base 15) in base 9?
-1562
-2565 (base 8) to base 13
-836
What is 2005 (base 12) in base 11?
2667
Convert -111112 (base 3) to base 13.
-221
What is 1121330 (base 4) in base 2?
1011001111100
Convert 145 (base 8) to base 16.
65
What is -5b (base 13) in base 14?
-56
288 (base 15) to base 13
356
-82b (base 16) to base 13
-c4b
Convert -201 (base 7) to base 16.
-63
What is 17d (base 16) in base 3?
112010
8775 (base 9) to base 10
6467
Convert -736a (base 13) to base 5.
-1002344
Convert 118 (base 16) to base 3.
101101
Convert 4803 (base 14) to base 16.
3103
Convert -3379 (base 15) to base 9.
-15866
Convert -10113 (base 5) to base 3.
-220101
Convert -3210000 (base 4) to base 15.
-44cc
Convert 4102 (base 5) to base 10.
527
What is b72 (base 14) in base 6?
14240
What is 1733 (base 14) in base 2?
1000001000001
-621 (base 10) to base 12
-439
What is -10206 (base 7) in base 15?
-b20
Convert 454 (base 6) to base 11.
152
What is -504354 (base 6) in base 4?
-21233032
What is -14515 (base 13) in base 2?
-1001010101000100
Convert -1261 (base 7) to base 4.
-13210
Convert -18d (base 16) to base 10.
-397
Convert -302032 (base 6) to base 4.
-11303210
-1210 (base 10) to base 9
-1584
Convert 1331 (base 7) to base 3.
200222
Convert -5564 (base 9) to base 5.
-112413
-7bb (base 16) to base 12
-118b
Convert -116 (base 14) to base 8.
-330
22212200 (base 3) to base 15
1db6
Convert 35 (base 15) to base 6.
122
Convert -5691 (base 10) to base 12.
-3363
1403310 (base 5) to base 8
67644
Convert 232521 (base 7) to base 6.
521203
What is 1749 (base 10) in base 3?
2101210
Convert -3141 (base 5) to base 16.
-1a5
What is 767 (base 10) in base 11?
638
Convert 5301 (base 6) to base 14.
60d
7c81 (base 13) to base 3
220000121
-1000110110010011 (base 2) to base 16
-8d93
Convert -5840 (base 11) to base 6.
-55255
Convert 1881 (base 13) to base 3.
12000100
-774 (base 10) to base 14
-3d4
Convert 42344 (base 8) to base 3.
220012012
c68 (base 13) to base 9
2808
What is 20116 (base 9) in base 13?
602a
What is -13044 (base 9) in base 4?
-2021110
What is 16573 (base 8) in base 9?
11315
110011 (base 4) to base 6
5541
What is -63164 (base 7) in base 2?
-11110010101010
What is 12200 (base 3) in base 10?
153
637 (base 9) to base 13
310
Convert 612 (base 8) to base 11.
329
What is 1040a (base 12) in base 15?
64b7
Convert 10202 (base 3) to base 8.
145
Convert -2229 (base 10) to base 7.
-6333
Convert -210123 (base 4) to base 10.
-2331
What is -13663 (base 9) in base 8?
-22113
Convert -1221103 (base 5) to base 16.
-5aee
3264 (base 7) to base 2
10010010101
Convert 234411 (base 5) to base 12.
5077
Convert 30620 (base 7) to base 3.
101022012
Convert -121102022 (base 3) to base 4.
-2323001
Convert -3b0a (base 15) to base 5.
-400420
Convert 451 (base 7) to base 10.
232
What is -1011110101 (base 2) in base 9?
-1031
Convert 144341 (base 5) to base 4.
1201031
What is -45b (base 15) in base 5?
-12421
Convert 100000100100 (base 2) to base 16.
824
What is 155633 (base 7) in base 15?
9215
What is -10122110 (base 3) in base 9?
-3573
What is -284 (base 11) in bas